 p(8).
402
Let q(d) = d**3 - 4*d**2 - 6*d + 52. What is q(5)?
47
Let i(q) = q**2 + 434*q + 20516. Calculate i(-54).
-4
Let w(y) = -y**2 - 35*y - 237. Give w(-28).
-41
Let w(c) = -c**3 + 6*c**2 + 12*c + 13. Calculate w(-2).
21
Let x(c) = c**2 + 118*c + 1372. Determine x(-13).
7
Let n(w) = -10*w**2 - 612*w - 5210. What is n(-51)?
-8
Let j(l) = -l**3 - 17*l**2 - 40*l + 34. Give j(-14).
6
Let m(v) = -v**3 + 8*v**2 + 9*v. Determine m(9).
0
Let o(p) = 138*p + 463. What is o(-4)?
-89
Let a(j) = j**3 - 18*j**2 + 69*j - 13. Calculate a(14).
169
Let j(d) = 16*d**3 + 24*d**2 - 7*d - 22. What is j(-2)?
-40
Let l(j) = -j**3 - 13*j**2 + 27*j - 75. Determine l(-15).
-30
Let o(p) = 21*p - 26. Determine o(4).
58
Let j(d) = 20*d - 1967. Calculate j(98).
-7
Let l(p) = 2*p**2 + 36*p + 76. Give l(-15).
-14
Let n(r) = -140*r - 156. Give n(6).
-996
Let r(c) = 5*c**2 + 165*c + 19. Calculate r(-33).
19
Let z(b) = 23*b**2 - 40*b + 4. Give z(2).
16
Let z(u) = -u**3 - 30*u**2 - 20*u + 262. Determine z(-29).
1
Let z(q) = 26*q - 669. What is z(24)?
-45
Let f(o) = 603*o - 3018. Determine f(5).
-3
Let c(i) = -i**2 + 79*i - 1181. Determine c(70).
-551
Let b(s) = -53*s - 773. What is b(-11)?
-190
Let b(s) = -s**2 + 72*s - 1219. Calculate b(41).
52
Let y(q) = -1368*q + 1311. Determine y(1).
-57
Let o(r) = -62*r - 2044. Give o(-33).
2
Let o(y) = 2*y**3 - 48*y**2 + 105*y - 348. Determine o(22).
26
Let l(i) = -i**2 + 12*i - 7. Calculate l(8).
25
Let h(v) = -16*v + 1324. Determine h(84).
-20
Let s(j) = -570*j - 2290. What is s(-4)?
-10
Let r(b) = -b**3 - 4*b**2 + 22*b + 4. Calculate r(0).
4
Let c(k) = 72*k**3 - 434*k**2 - 10*k. Give c(6).
-132
Let b(k) = -438*k + 4348. Determine b(10).
-32
Let c(j) = 9*j**2 - 151*j - 203. Calculate c(18).
-5
Let f(n) = -10*n - 1076. Determine f(-108).
4
Let u(c) = 137*c + 3148. Calculate u(-23).
-3
Let y(n) = n**2 - 240*n + 7167. Determine y(35).
-8
Let p(c) = c**2 + 47*c - 925. Give p(17).
163
Let z(j) = 28*j + 274. Give z(-7).
78
Let n(t) = -48*t - 103. Determine n(-1).
-55
Let y(d) = -5987*d + 287377. Give y(48).
1
Let j(u) = -u**2 - 240*u - 13993. Determine j(-100).
7
Let u(c) = -c**3 - 22*c**2 - 2*c - 212. Give u(-22).
-168
Let k(c) = -8205*c - 24622. Give k(-3).
-7
Let g(b) = 2*b**2 + 505*b + 2033. Calculate g(-4).
45
Let a(i) = i**3 - 8*i**2 + 3*i - 35. What is a(11)?
361
Let u(h) = h**3 - 13*h**2 + 37*h + 31. What is u(8)?
7
Let a(j) = 2*j**3 + 8*j**2 - 28*j - 31. Give a(-6).
-7
Let t(z) = -1452*z + 467538. Calculate t(322).
-6
Let k(o) = 48*o - 136. Determine k(2).
-40
Let m(x) = x**3 - 25*x**2 + 3*x - 39. Determine m(25).
36
Let r(h) = h**3 + 236*h**2 - 6239*h + 252. Calculate r(-260).
-8
Let u(s) = 2*s**2 - 118*s + 954. What is u(9)?
54
Let z(d) = -2*d**3 + 38*d**2 - 36*d - 16. Give z(18).
-16
Let u(s) = 75*s + 6375. Determine u(-85).
0
Let c(z) = 48*z + 4916. Determine c(-101).
68
Let t(h) = 4*h**2 - 18*h - 15. Calculate t(9).
147
Let q(u) = 22*u**2 + 81*u - 35. What is q(-4)?
-7
Let z(b) = -251*b - 495. Calculate z(-2).
7
Let b(j) = 103*j - 3005. Give b(29).
-18
Let y(w) = -510*w - 7169. Determine y(-14).
-29
Let j(u) = -35*u + 3. What is j(-5)?
178
Let h(i) = 5*i**2 + 24*i - 5. What is h(-5)?
0
Let n(x) = -x**3 - 75*x**2 + 321*x + 367. What is n(-79)?
-28
Let u(p) = 3*p**2 + 90*p + 386. Determine u(-6).
-46
Let z(g) = 7608*g - 159768. Determine z(21).
0
Let m(w) = w**3 - 3*w**2 - 30*w + 91. What is m(5)?
-9
Let c(w) = -3*w - 183. Determine c(-9).
-156
Let l(p) = 96*p - 2399. What is l(24)?
-95
Let c(g) = -2*g - 42. Give c(-15).
-12
Let u(j) = 209*j + 138. Calculate u(1).
347
Let m(f) = -f - 65. Give m(-57).
-8
Let j(m) = -m**3 + 2*m**2 + 60*m - 14. Determine j(8).
82
Let t(n) = 22*n**2 + 2816*n + 4. Determine t(-128).
4
Let g(b) = -6*b - 207. Determine g(35).
-417
Let v(n) = 316*n + 20. Calculate v(0).
20
Let r(m) = -m**3 - 20*m**2 + m + 28. What is r(-20)?
8
Let p(d) = 2*d**3 + 18*d**2 - 17*d + 17. What is p(-10)?
-13
Let q(j) = -659*j - 35. What is q(1)?
-694
Let a(i) = -21*i - 1576. Determine a(-75).
-1
Let j(n) = n**3 + 27*n**2 + 161*n + 192. Give j(-19).
21
Let b(i) = 20*i**2 - 313*i + 49. Determine b(15).
-146
Let i(l) = -653*l + 2599. Give i(4).
-13
Let y(v) = v**3 - v**2 - 2*v - 14. Give y(-3).
-44
Let j(h) = 3*h**2 + 17*h - 13. What is j(-2)?
-35
Let s(o) = o**3 - 32*o**2 - 34*o - 13. Determine s(33).
-46
Let h(g) = 37*g**2 + 37*g. Give h(-1).
0
Let i(b) = -12*b**2 + 26*b - 107. Give i(5).
-277
Let a(k) = -11*k + 31. Give a(1).
20
Let q(y) = -y**3 + y**2 + 111*y - 1. Determine q(-10).
-11
Let w(m) = m**2 - 39*m + 175. Determine w(5).
5
Let o(p) = 4*p**2 + 25*p - 1. Calculate o(-5).
-26
Let r(z) = z**2 - 61*z + 703. What is r(25)?
-197
Let u(w) = -w**3 + 93*w**2 + 580*w + 1391. Calculate u(99).
5
Let z(h) = 2*h**2 + 7*h + 9. Calculate z(-5).
24
Let z(i) = -129*i + 178. Determine z(-5).
823
Let r(i) = -i**2 - 3606*i - 14400. Calculate r(-4).
8
Let j(h) = -2*h**2 - 59*h - 389. Give j(-20).
-9
Let b(u) = -539*u + 491. Determine b(1).
-48
Let w(y) = y**3 + 17*y**2 + 71*y + 481. Give w(-13).
234
Let l(i) = 40*i + 1642. Determine l(-14).
1082
Let l(u) = u**3 + 27*u**2 - 30*u - 21. Determine l(-28).
35
Let a(k) = -2*k**2 + 239*k + 1771. Calculate a(-7).
0
Let b(r) = -r**2 - 4*r + 13. Give b(8).
-83
Let x(n) = -2*n**2 + 48*n - 176. Give x(26).
-280
Let w(f) = 148*f + 10762. Calculate w(-72).
106
Let c(q) = -16*q**3 + 21*q**2 - 23*q + 2. Determine c(1).
-16
Let b(n) = -32*n + 129. Determine b(6).
-63
Let g(b) = 35*b - 338. Give g(12).
82
Let w(a) = 98*a + 330. Calculate w(-4).
-62
Let w(g) = 12*g - 235. What is w(8)?
-139
Let p(b) = -601*b - 11987. What is p(-20)?
33
Let r(j) = -2*j**3 + 57*j**2 - 87*j + 168. What is r(27)?
6
Let r(n) = 37*n + 27. What is r(-1)?
-10
Let y(n) = -n**2 + 359*n + 35661. What is y(-81)?
21
Let k(d) = 76*d + 5. What is k(-7)?
-527
Let q(v) = -2*v**3 + 4*v**2 - 6. Calculate q(2).
-6
Let i(h) = h**2 - 11*h - 54. Give i(0).
-54
Let k(r) = -2*r**2 + 53*r - 348. What is k(14)?
2
Let d(f) = -15*f - 1091. What is d(-73)?
4
Let w(a) = -133*a - 109. Determine w(-2).
157
Let c(z) = -168*z**3 - 2017*z**2 - 25*z - 162. What is c(-12)?
-6
Let t(c) = -2*c**2 - 29*c + 40. Determine t(-16).
-8
Let q(o) = 3*o**2 + 24*o - 75. Calculate q(-14).
177
Let x(j) = -7*j**2 - 56*j + 16. Give x(-9).
-47
Let c(j) = -9*j**2 - 186*j + 102. Determine c(-22).
-162
Let y(j) = -2*j**3 - 203*j**2 + 86*j - 1646. Determine y(-102).
-14
Let t(b) = 7*b**2 - 311*b - 508. Determine t(46).
-2
Let f(n) = -2*n**2 + 307*n - 6216. Give f(24).
0
Let k(o) = o**2 + 66*o + 949. Determine k(-15).
184
Let b(t) = 2*t**2 + 50*t - 443. Determine b(-32).
5
Let q(t) = 3*t**3 - 7*t**2 - 7*t - 12. Give q(3).
-15
Let b(p) = p**2 + 115*p + 1156. Determine b(-11).
12
Let w(o) = -o**2 + 112*o - 943. Calculate w(9).
-16
Let w(j) = 17*j**2 - 626*j - 102. What is w(37)?
9
Let g(x) = x**2 - 10*x + 8. Determine g(6).
-16
Let d(c) = -c**2 - 10*c + 65. What is d(7)?
-54
Let c(i) = -i**2 + 90*i - 891. Give c(75).
234
Let y(f) = -17*f + 212. What is y(10)?
42
Let a(v) = v**2 + 16*v + 154. Calculate a(-13).
115
Let s(y) = 24*y + 129. Determine s(-10).
-111
Let y(u) = -u**3 - 2*u**2 - 5*u - 47. Calculate y(0).
-47
Let q(d) = 63*d + 71. Determine q(-7).
-370
Let j(b) = b - 32. Give j(-30).
-62
Let s(v) = v**3 - 77*v**2 - 163*v + 400. Calculate s(79).
5
Let x(p) = p**2 - 77*p + 15. Give x(78).
93
Let m(u) = -3*u**3 + 13*u**2 + 8*u + 23. Give m(5).
13
Let o(j) = j**2 + 125*j - 1299. Give o(10).
51
Let l(w) = w**3 - 8*w**2 - 54*w + 395. Determine l(7).
-32
Let t(v) = 2*v**2 - 3*v - 66. Give t(10).
104
Let i(c) = -480*c - 4802. Calculate i(-10).
-2
Let i(z) = z**2 + 9*z - 154. Give i(10).
36
Let y(z) = -1365*z + 5452. What is y(4)?
-8
Let x(w) = 1021*w + 26528. Give x(-26).
-18
Let h(d) = 13*d**2 + 377*d + 32. Determine h(-29).
32
Let z(s) = -s**3 - 15*s**2 - 38*s - 342. Give z(-13).
-186
Let y(n) = -n**2 + 4*n - 10. What is y(11)?
-87
Let n(g) = 54*g - 1293. Determine n(23).
-51
Let u(a) = -1017*a - 15272. Determine u(-15).
-17
Let b(w) = -756*w - 3707. Calculate b(-5).
73
Let i(u) = 6*u**2 - 126*u + 56. Calculate i(21).
56
Let q(v) = v**3 + 14*v**2 - 8*v - 41. Calculate q(-12).
343
Let b(r) = -3*r**3 + 15*r**2 - 34*r + 15. Calculate b(8).
-833
Let l(v) = -33219*v + 265748. Deter